- 5 = -6*h - 2*x, 0 = 2*h - 2*x + 10. Let a(i) = 5*i**3 - i**2 + 1. Let f be a(h). What is the tens digit of b(f)?
1
Let s = -51 - -76. What is the units digit of s?
5
Let t be 2/(-11) - (-57)/11. Suppose 10*m - t*m - 110 = 0. What is the tens digit of m?
2
Let u = 158 - 62. What is the tens digit of u?
9
Let t be (0 - -3)/((-9)/(-12)). Suppose 0*l + t*l = 0. What is the units digit of (3/6 - l)*18?
9
Let p = -150 + 283. What is the tens digit of p?
3
Let w be 18/(-4)*(0 - -2). What is the units digit of (w/3)/((-6)/2)?
1
Let k(s) be the second derivative of s**6/144 - s**5/40 + s**4/12 - 3*s. Let i(h) be the third derivative of k(h). What is the units digit of i(3)?
2
Let i = -4 + 40. What is the units digit of i?
6
Let p(a) = a - 15. Let t be p(13). Let r(i) = -4*i**3 + 2*i**2 - 1. Let z be r(1). Let f = t - z. What is the units digit of f?
1
Let d(x) = -21*x + 2. Let t be d(-2). Suppose -2*m + t = 4*q, -75 = -6*m + m - 3*q. What is the units digit of m?
2
Let t(g) = 10*g**3 + 2*g. Let s be t(2). Suppose -14*h = -11*h - s. What is the units digit of h?
8
Suppose 35 - 4 = q + 5*z, 2*z - 142 = -4*q. What is the units digit of q?
6
Suppose 134 - 942 = -8*k. What is the units digit of k?
1
Suppose 0 = -5*o + 10, 5*o - 78 = -7*u + 3*u. What is the units digit of u?
7
Suppose -3*o = -34 - 146. What is the units digit of o?
0
Let n = 166 - 18. What is the units digit of n?
8
Let h(n) = -2*n**2 - 17*n - 16. Let q(r) = r**2 + 9*r + 8. Let u(f) = -2*h(f) - 5*q(f). What is the tens digit of u(-8)?
1
Let v = 61 + -25. What is the units digit of v?
6
Let z = 16 - 5. Let u = 7 - z. What is the units digit of u/12*(0 - 27)?
9
Let p = 1 - -2. What is the units digit of (-198)/(-4)*2/p?
3
Let r(b) = -b**3 + 10*b**2 - 10*b + 16. What is the tens digit of r(7)?
9
Let b = -7 - -9. What is the units digit of (b/5)/((-2)/(-20))?
4
Let p = 33 + -23. Let b be (12/10)/(4/p). Suppose b*g - 21 = -0*g. What is the units digit of g?
7
Let p(x) be the first derivative of x**3/6 - 3*x - 3. Let q(v) be the first derivative of p(v). What is the units digit of q(4)?
4
Let c(j) = -j + 4. Let k be c(4). Suppose 16 = -k*r + 2*r. What is the units digit of r?
8
Let u be 12/(-10)*(-10)/4. Suppose n + 0*n = u. What is the units digit of n?
3
What is the hundreds digit of (-10)/2*-30 - (-1 - -4)?
1
Suppose 2*t + 15 = -3*f, -3*t - 3*f - 20 = f. Suppose -s + x + 3 = t, -4*s = -0*s + 3*x - 5. What is the units digit of s + 1/(-2)*-2?
3
Let p(t) = -33*t - 1. Let r = -4 + 3. What is the units digit of p(r)?
2
Let v(o) = 5*o - o + 2*o - 2 - 3*o. What is the units digit of v(5)?
3
Let k(q) = -2*q**3 - 4*q**2 - 3*q + 4. Let w(c) = -c**2 + 3*c + 1. Let v be w(4). What is the units digit of k(v)?
1
Suppose -5 = -0*q + 5*q. Let y(o) = -8*o. What is the units digit of y(q)?
8
Let b(u) = -u**3 + 10*u**2 - 8*u - 8. Let w be b(9). What is the units digit of ((-4)/w - -12) + 2?
0
Suppose q + 2 = 2*q. Let u be (6/(-5))/(q/10). What is the units digit of 10*(-3)/u + 2?
7
Suppose 0 = -4*k + 3*k + 2. Suppose k*j - 7*j = 2*c + 8, 5*c - 5 = 0. What is the units digit of (-23)/(-2) - 1/j?
2
Let s(z) = -z + 3. What is the tens digit of s(-7)?
1
Let i = 1 + 7. Let f(k) = k**3 - 7*k**2 - 8*k - 8. Let u(d) = -3*d**3 + 21*d**2 + 24*d + 23. Let z(s) = 11*f(s) + 4*u(s). What is the units digit of z(i)?
4
Let b(d) = 8*d**2 - 4*d + 4. Let l be b(3). Let x = 107 - l. What is the units digit of x?
3
What is the units digit of (4/(-2) - -1) + 82?
1
Suppose 0 = -4*i + 24 + 32. What is the units digit of i?
4
Let q be 0/4 - 1 - -1. Suppose -2*d - 3*f = d - 24, q = -2*d + 5*f + 30. What is the tens digit of d?
1
Let w(r) = -9 + r**3 - r**3 + 0*r**2 - 4*r - r**3 - 6*r**2. What is the tens digit of w(-6)?
1
Suppose -5*z + 661 = -5*i - 634, -3*z = 3*i - 771. What is the hundreds digit of z?
2
Let i = 35 + -15. Suppose i = o - 0*o. What is the tens digit of o?
2
Suppose -4*g - g = -70. Suppose 0*i + 6 = 2*i - u, 3*u = 4*i - g. Suppose i*s = -s + 21. What is the units digit of s?
7
Let y(n) = -n - 1. Let f(l) = -19*l**2 + 4*l + 6. Let m(u) = -f(u) - 5*y(u). What is the tens digit of m(1)?
1
Suppose 2*f - 5*v - 5 = 0, -2*v = 6*f - 2*f + 26. Let q = 0 - f. What is the units digit of q?
5
What is the hundreds digit of ((-45)/2 - -4)*-6?
1
Suppose -m = 3*m - 36. Let h = -1 - m. What is the units digit of h/(0 + -1 - 1)?
5
Suppose 3*o - 4*r + 17 = 0, -4*o - 21 = -5*r - 0*r. What is the units digit of (-6*o/(-2))/3?
1
Let x be (4/(-3))/(5/(-15)). Let h = 0 - -5. Suppose -x*y + 43 = -5*l + 2*l, -5*l + h = y. What is the tens digit of y?
1
Suppose 2*g = 2*q - g - 67, 3*g = -5*q + 157. Suppose 0 = 3*s + s - q. What is the units digit of s?
8
Let c(v) = -2*v - 1. Let k(z) = 2*z**2 + 2*z - 2. Let f be k(-2). Suppose -5*x = -0*x + 5*w + 20, f*x - 5*w - 13 = 0. What is the units digit of c(x)?
1
Let o = -2 + 6. Let d(p) = -12*p + 7. Let b(s) = -3*s + 2. Let v(i) = -9*b(i) + 2*d(i). What is the units digit of v(o)?
8
Let y(l) = 6*l - 2. Let r be y(1). What is the tens digit of (r/5)/((-2)/(-40))?
1
Let t(g) = g + 8. Let c be t(0). Suppose j + 10 = 5*u, -j - 4*u = -5*j + c. What is the units digit of j?
5
Let q(i) = -i + 6 + i - i + 0*i. Let x be q(7). What is the units digit of 3 - -1*x*2?
1
What is the tens digit of 16*2*(-3)/(-6)?
1
Suppose -w = -3*t - 6*w + 80, 0 = -3*t + 3*w + 48. What is the tens digit of t?
2
Let s be (-3 + 2)/(3/(-57)). Suppose 0 = -3*k + 4*u + s, -4*k - 4 = 4*u + 8. What is the units digit of k?
1
Suppose -r = 5*o - 39 + 9, -3*r + o + 10 = 0. What is the units digit of r?
5
What is the tens digit of (4*(-23)/2)/(-1)?
4
Let k(z) = z**3 + 9*z**2 + 7*z - 7. Let q be k(-8). Let i = -1 + q. Let h = 1 + i. What is the units digit of h?
1
Let c(n) = 4*n + 1. Let x be c(-1). Suppose 4*a - 56 = -2*g, 6*g - 5*a - 38 = 4*g. What is the units digit of -2 + x/((-9)/g)?
6
Suppose -d = -76 + 19. What is the tens digit of d?
5
Let h = 21 + -7. What is the tens digit of h?
1
What is the tens digit of 1/5*-12*605/(-22)?
6
Let f(k) = -k - 1. Let y be f(-4). Let j(w) = -3*w**2 - w**y - 4*w**2 + 2*w - 9*w. What is the units digit of j(-6)?
6
Let w(d) = -d**2 - 16*d - 11. What is the units digit of w(-10)?
9
Let t(g) = 15*g**2 + g - 1. What is the units digit of t(2)?
1
Let p(t) = -t**3 + 2*t**2 + 9*t - 7. Let z(s) = s**3 - 2*s**2 - 10*s + 8. Let b(a) = -7*p(a) - 6*z(a). What is the units digit of b(3)?
1
Let m(j) = 8*j**3 - 2*j**2 + 2*j. What is the tens digit of m(3)?
0
Suppose -2*o = -o. Suppose o*h + 5*t - 33 = 4*h, t = 5*h + 36. Let i = 10 + h. What is the units digit of i?
3
Let b = -3 - -3. Suppose b = -w, 3*m - 3*w - 19 = 17. What is the tens digit of m?
1
Suppose -450 = -3*k - k - 5*q, 0 = -4*q - 8. Suppose 0 = -4*g + 25 + k. What is the tens digit of g?
3
Suppose 0 = -k - 2*k + 117. What is the tens digit of k?
3
Suppose 5*y - 16 = -3*q, 0 = -0*y + y - 5*q + 8. Suppose -4*m - 3 = 25. What is the units digit of 1*(y + -4) - m?
5
Let d(i) be the first derivative of -4*i**2 + 5*i - 1. What is the units digit of d(-3)?
9
Let b(t) = t**3 + 4*t**2 - t + 4. Suppose 3*u = 3*x + 24, x + 14 = 2*u + 2. What is the units digit of b(x)?
8
Let l(x) = 3*x**2 + 3*x + 2. What is the tens digit of l(-4)?
3
Let c = -170 + 372. What is the hundreds digit of c?
2
Suppose 0 = -2*b - 0*d - 4*d + 16, 0 = 2*d - 6. Suppose -2*v - b*k + 6 = 2*v, -5*k - 9 = 4*v. What is the units digit of v?
4
Let c(k) = -4*k**3 - k**2 - 3*k - 2. What is the tens digit of c(-4)?
5
Let c(n) be the third derivative of -n**5/60 + n**4/6 - 3*n**2. Let i be c(2). What is the units digit of ((-2)/i)/(5/(-80))?
8
Let t(l) = l**3 - 5*l**2 + 3. Suppose -1 = -4*i + 19. What is the units digit of t(i)?
3
Let i(y) = 4 + 2*y**2 - 15*y - 9*y**2 - y**3 + 7*y. What is the tens digit of i(-6)?
1
Let p be 4/(-16)*-4*-3. What is the units digit of 5/15 + (-14)/p?
5
Suppose -14*o + 57 = -13*o. What is the tens digit of o?
5
Suppose -4*z + 35 = z. Let s = z - -2. What is the units digit of s?
9
What is the units digit of ((-74)/4)/((-3)/42)?
9
Suppose 0 = 3*u - 14 - 1. Suppose u*s - 41 = 19. What is the tens digit of s?
1
Let r(j) = j. Let m be r(6). Suppose -n + m = 2*n. Suppose 8 = n*b - b. What is the units digit of b?
8
Suppose -2*l = -4*l - 8. Let y be 8/6*(-6)/l. Suppose -5 = -5